{"id":74,"date":"2023-09-12T11:31:58","date_gmt":"2023-09-12T09:31:58","guid":{"rendered":"https:\/\/www.vm-info.fr\/?page_id=74"},"modified":"2023-09-12T11:31:59","modified_gmt":"2023-09-12T09:31:59","slug":"bienvenue-chez-vm-informatique","status":"publish","type":"page","link":"https:\/\/www.vm-info.fr\/index.php\/bienvenue-chez-vm-informatique\/","title":{"rendered":"Bienvenue chez VM INFORMATIQUE"},"content":{"rendered":"\n<p><\/p>\n\n\n\n<p>Votre Maintenance Informatique<\/p>\n\n\n<div class=\"wp-block-image\">\n<figure class=\"aligncenter\"><img decoding=\"async\" src=\"http:\/\/www.tmls.fr\/wp-content\/uploads\/Business_presentation-300x155.jpg\" alt=\"Business Presentation TMLS Informatique\" class=\"wp-image-155\" title=\"Pr\u00e9sentation\"\/><\/figure>\n<\/div>\n\n\n<p>Une soci\u00e9t\u00e9 doit consacrer son temps \u00e0 son m\u00e9tier et ne pas en perdre sur d\u2019autres sujets tel que l\u2019informatique. VMinformatique propose aux TPE et PME de leur simplifier l\u2019informatique (et de leur faire gagner du temps) en leur proposant une gamme de produits, solutions et services clef en mains.<\/p>\n\n\n\n<p>VM informatique accompagne les TPE et les PME dans le conseil, la vente, la location, le d\u00e9pannage et l\u2019installation de mat\u00e9riel informatique comprenant:<\/p>\n\n\n\n<ul class=\"wp-block-list\">\n<li>La probl\u00e9matique du R\u00e9seau et de la connexion internet (Zyxel, D-Link, certification Cisco et Netasq).<\/li>\n\n\n\n<li>La mise en place de serveurs, de postes de travail.<\/li>\n\n\n\n<li>La s\u00e9curit\u00e9 informatique (intrusion et vol, virus, vers\u2026.).<\/li>\n\n\n\n<li>La sauvegarde des donn\u00e9es (logiciels ACRONIS, Symantec Backup Exec, Nas Synology, Cloud).<\/li>\n\n\n\n<li>La mise en place de la t\u00e9l\u00e9phonie IP ainsi que la connexion internet professionnelle(ADSL, SDSL,\u2026).<\/li>\n\n\n\n<li>La mise en place et l\u2019h\u00e9bergement de votre messagerie professionnelle (Microsoft, Google,\u2026).<\/li>\n\n\n\n<li>L\u2019h\u00e9bergement de votre site web.<\/li>\n<\/ul>\n\n\n\n<p>N\u2019h\u00e9sitez pas \u00e0 <a href=\"http:\/\/www.tmls.fr\/nouscontacter\/\">nous contacter<\/a> pour une pr\u00e9sentation de notre entreprise VM Informatique et \u00e9valuer avec vous les possibilit\u00e9s d\u2019optimiser votre quotidien.<\/p>\n\n\n\n<hr class=\"wp-block-separator has-alpha-channel-opacity\"\/>\n","protected":false},"excerpt":{"rendered":"<p>Votre Maintenance Informatique Une soci\u00e9t\u00e9 doit consacrer son temps \u00e0 son m\u00e9tier et ne pas en perdre sur d\u2019autres sujets tel que l\u2019informatique. VMinformatique propose&hellip;<\/p>\n","protected":false},"author":1,"featured_media":0,"parent":0,"menu_order":0,"comment_status":"closed","ping_status":"closed","template":"","meta":{"footnotes":""},"class_list":["post-74","page","type-page","status-publish","hentry"],"_links":{"self":[{"href":"https:\/\/www.vm-info.fr\/index.php\/wp-json\/wp\/v2\/pages\/74","targetHints":{"allow":["GET"]}}],"collection":[{"href":"https:\/\/www.vm-info.fr\/index.php\/wp-json\/wp\/v2\/pages"}],"about":[{"href":"https:\/\/www.vm-info.fr\/index.php\/wp-json\/wp\/v2\/types\/page"}],"author":[{"embeddable":true,"href":"https:\/\/www.vm-info.fr\/index.php\/wp-json\/wp\/v2\/users\/1"}],"replies":[{"embeddable":true,"href":"https:\/\/www.vm-info.fr\/index.php\/wp-json\/wp\/v2\/comments?post=74"}],"version-history":[{"count":1,"href":"https:\/\/www.vm-info.fr\/index.php\/wp-json\/wp\/v2\/pages\/74\/revisions"}],"predecessor-version":[{"id":75,"href":"https:\/\/www.vm-info.fr\/index.php\/wp-json\/wp\/v2\/pages\/74\/revisions\/75"}],"wp:attachment":[{"href":"https:\/\/www.vm-info.fr\/index.php\/wp-json\/wp\/v2\/media?parent=74"}],"curies":[{"name":"wp","href":"https:\/\/api.w.org\/{rel}","templated":true}]}}