{"id":82,"date":"2023-09-12T11:36:37","date_gmt":"2023-09-12T09:36:37","guid":{"rendered":"https:\/\/www.vm-info.fr\/?page_id=82"},"modified":"2023-09-12T11:38:31","modified_gmt":"2023-09-12T09:38:31","slug":"solutions-de-telephonie-internet","status":"publish","type":"page","link":"https:\/\/www.vm-info.fr\/index.php\/solutions-de-telephonie-internet\/","title":{"rendered":"Solutions de T\u00e9l\u00e9phonie, Internet"},"content":{"rendered":"\n<h2 class=\"wp-block-heading\"><\/h2>\n\n\n\n<p>Nous proposons aussi des solutions de t\u00e9l\u00e9phonie via VoIP (voix sur IP), nous pouvons vous faire \u00e9conomiser sur vos factures.&nbsp;Solution vraiment avantageuse compar\u00e9 \u00e0 des solutions d\u2019abonnement classique et beaucoup plus flexible. Nous prenons en charge la r\u00e9cup\u00e9ration de votre num\u00e9ro, cela&nbsp;est transparent pour vos clients. Nous configurons les lignes pour de simples redirections, des fonctions de standard ou de groupes, toutes les fonctions de lourds \u00e9quipement PABX sont envisageable (Musique d\u2019attente, r\u00e9pondeur, personnalisation des messages,\u2026).<br>Nous sommes&nbsp;revendeur de solutions de t\u00e9l\u00e9coms OVH, partenaire mondial (dont le si\u00e8ge est bas\u00e9 \u00e0 Roubaix dans le nord de la France)<\/p>\n\n\n\n<ul class=\"wp-block-list\">\n<li>T\u00e9l\u00e9phonie IP :\n<ul class=\"wp-block-list\">\n<li>Solution tout en un : abonnement par ligne, illimit\u00e9 vers les fixes et \u00e9galement vers les portables.<\/li>\n\n\n\n<li>Solution que l\u2019on peut d\u00e9placer, la ligne vous suit, vous pouvez ramener le t\u00e9l\u00e9phone chez&nbsp;vous, \u00e0&nbsp;l\u2019h\u00f4tel, \u00e0&nbsp;l\u2019\u00e9tranger (sous couvert d\u2019avoir une prise RJ45 avec connexion internet)<\/li>\n<\/ul>\n<\/li>\n<\/ul>\n\n\n\n<p>Nous proposons bien \u00e9videmment la solution internet qui vous convient, ce sont des offres professionnels avec donc un support professionnel d\u00e9di\u00e9. Des options de r\u00e9tablissement sous 4h sont propos\u00e9s dans certaines offres.<\/p>\n\n\n\n<ul class=\"wp-block-list\">\n<li>ADSL : offre peut co\u00fbteuse pour un service de connexion internet \u00ab&nbsp;classique&nbsp;\u00bb pour les pro<\/li>\n\n\n\n<li>SDSL : offre de connexion s\u00e9curis\u00e9e, rapide, et surtout 4 heures de r\u00e9tablissement, et le tout a un co\u00fbt r\u00e9duit.<\/li>\n<\/ul>\n\n\n\n<p>VM infovous accompagne, vous conseille et met en place ses solutions, nous proposons une \u00e9tude comparative co\u00fbt et fonctionnalit\u00e9 entre votre existant et une solution IP.<\/p>\n\n\n<div class=\"wp-block-image\">\n<figure class=\"aligncenter\"><img decoding=\"async\" src=\"http:\/\/www.tmls.fr\/wp-content\/uploads\/Telephone.png\" alt=\"T\u00e9l\u00e9phonie, Internet\" class=\"wp-image-278\" title=\"T\u00e9l\u00e9phonie ADSL\"\/><\/figure>\n<\/div>","protected":false},"excerpt":{"rendered":"<p>Nous proposons aussi des solutions de t\u00e9l\u00e9phonie via VoIP (voix sur IP), nous pouvons vous faire \u00e9conomiser sur vos factures.&nbsp;Solution vraiment avantageuse compar\u00e9 \u00e0 des&hellip;<\/p>\n","protected":false},"author":1,"featured_media":0,"parent":0,"menu_order":0,"comment_status":"closed","ping_status":"closed","template":"","meta":{"footnotes":""},"class_list":["post-82","page","type-page","status-publish","hentry"],"_links":{"self":[{"href":"https:\/\/www.vm-info.fr\/index.php\/wp-json\/wp\/v2\/pages\/82","targetHints":{"allow":["GET"]}}],"collection":[{"href":"https:\/\/www.vm-info.fr\/index.php\/wp-json\/wp\/v2\/pages"}],"about":[{"href":"https:\/\/www.vm-info.fr\/index.php\/wp-json\/wp\/v2\/types\/page"}],"author":[{"embeddable":true,"href":"https:\/\/www.vm-info.fr\/index.php\/wp-json\/wp\/v2\/users\/1"}],"replies":[{"embeddable":true,"href":"https:\/\/www.vm-info.fr\/index.php\/wp-json\/wp\/v2\/comments?post=82"}],"version-history":[{"count":2,"href":"https:\/\/www.vm-info.fr\/index.php\/wp-json\/wp\/v2\/pages\/82\/revisions"}],"predecessor-version":[{"id":87,"href":"https:\/\/www.vm-info.fr\/index.php\/wp-json\/wp\/v2\/pages\/82\/revisions\/87"}],"wp:attachment":[{"href":"https:\/\/www.vm-info.fr\/index.php\/wp-json\/wp\/v2\/media?parent=82"}],"curies":[{"name":"wp","href":"https:\/\/api.w.org\/{rel}","templated":true}]}}